 divided by s.
15
Let h = -1 + 1. Suppose h*r + 5*l + 31 = r, 3*l = 3*r - 33. Calculate the remainder when (-44)/(-4)*(-5 + 4 - (-4)/2) is divided by r.
5
Suppose s + 16 = 5*s. Let j(p) = 0*p**3 - 2 + 1 - s*p**2 + 2*p + 2*p**3. Calculate the remainder when 89 is divided by j(3).
20
Let l = 125 + -125. Suppose l = 9*q + 43 - 142. Let b = 143 + -100. Calculate the remainder when b is divided by q.
10
Suppose 2*g - 28 = -2*g. Calculate the remainder when 207 is divided by g.
4
Let g(w) = -w**3 - 10*w**2 + 20*w - 44. What is the remainder when g(-13) is divided by 16?
11
Let v(b) = 5*b - 5. Let o be v(2). Suppose -o*m + 6*m - 5 = 0. What is the remainder when 43 is divided by m?
3
Suppose -19*d + 570 + 304 = 0. What is the remainder when d is divided by 5?
1
Let q(h) = -3*h - 4. Let o be q(-8). What is the remainder when 37 is divided by (1 - 3/4) + 395/o?
17
Suppose 0*x + 12 = 3*x. Calculate the remainder when (90/x)/(-5)*-12 is divided by (-1)/(-4) - (-4 - 117/12).
12
Let d(s) = s**3 - s + 4. Let x be d(0). Suppose 5*t - x = 3*t. Suppose 0 = o - 5*y + 3, 4 = t*o - 2*y - 14. What is the remainder when 83 is divided by o?
11
Suppose p + 0*p = 23. Let a be (-3 - -2)*-1*3. Suppose 0*l - a*q = 2*l - 35, 2*l = -5*q + 41. What is the remainder when p is divided by l?
10
Calculate the remainder when 5/(60/534)*2 is divided by 10.
9
Let w be -6 - (-7)/((-35)/(-15)). What is the remainder when 1/(w/(-12)) - -5 is divided by 7?
2
Suppose 0 = 3*n + 3*d + 27, 5*n - 2*d + 10 = -0*n. Let l be -10*-12*n/40. What is the remainder when 15 is divided by (-8)/l + 44/6?
7
Let d(s) = -5*s**3 - 6*s**2 - 5*s + 2. What is the remainder when d(-3) is divided by 23?
6
What is the remainder when 815 is divided by 56/(-7) + 7 - (-52)/1?
50
Suppose -a - 10 = -59. Let j be (-1)/(1 - (1 - 1)). Let z(q) = -14*q**3 - q**2 - 2*q - 2. Calculate the remainder when a is divided by z(j).
10
Suppose -6*j + 8 = -j - p, 3*p = -4*j + 14. Suppose j*i + i + 18 = 0. Calculate the remainder when (i - -4)*-13 - -2 is divided by 8.
4
Suppose 0 = 18*p - 461 - 457. What is the remainder when p is divided by 22?
7
Let c = -163 - -310. Let y = -512 + 542. Calculate the remainder when c is divided by y.
27
Let x be (-14 + 14)/(1 + -2). Suppose -3*r = -0*m - 3*m - 495, x = r + 3*m - 173. Calculate the remainder when r is divided by 24.
23
Let b = 969 + -944. Calculate the remainder when 999 is divided by b.
24
Let h be 12/(-8) + 2 + (-19)/(-2). Let c = 7 + h. Calculate the remainder when c is divided by 5.
2
Let d = 5 + -3. Suppose d*t = 4*t. Suppose -3*x + 44 + 4 = t. What is the remainder when x is divided by 9?
7
Let j = 340 - 325. Calculate the remainder when 252 is divided by j.
12
Suppose 0 = -2*y + y - 5*n - 6, 0 = -2*y + 5*n + 63. Let a = -7 + 41. Let x = a - y. What is the remainder when x is divided by 4?
3
Let o = -121 - -163. Calculate the remainder when 165 is divided by o.
39
Let q = 353 - 330. What is the remainder when 224 is divided by q?
17
Suppose -4*i = -5*r - 27, r + 4*r + 2*i = -39. Let f = 41 - 43. Calculate the remainder when 83 + (r - f - -3) is divided by 21.
18
Suppose 5*w + 1 = 11. Let k(y) = 4 - 5*y**2 - 7*y**w + 17*y**2 - 4*y**2 - y. What is the remainder when k(3) is divided by 6?
4
Let t(m) = -m**3 + 15*m**2 - 2*m - 5. Let z be t(8). Suppose -5*w + z + 83 = 0. What is the remainder when w is divided by 26?
24
Let d be (-3)/(-9) + (-182)/6. Let j be 2628/d + (-4)/10. Let r = j - -130. What is the remainder when r is divided by 22?
20
Suppose 3*z + 4 = 4*x, z + 2*z - 4 = 2*x. Let p(m) = -m**3 + 4*m**2 + 8. Calculate the remainder when 29 is divided by p(x).
5
Let g(q) = -q**2 - 27*q - 48. What is the remainder when 6 is divided by g(-25)?
0
Let q(n) = -2*n - 5. Let k be q(-5). What is the remainder when (k/(-2))/(13/(-286)) is divided by 28?
27
Let j = -23 - -17. Let l be j/(-14) + (-15)/35. Suppose 3*v - 4 = -3*s + 38, l = -s - 2*v + 16. Calculate the remainder when 22 is divided by s.
10
Let g(x) = 2*x**2 - 6*x + 78. Calculate the remainder when g(8) is divided by 16.
14
Let a be 3 - (0 - -1) - 12. Let f be (-5)/(-25) - (-282)/a. What is the remainder when 51 is divided by (f + 1)/(-8 - -7)?
24
Let j(q) = 2*q**3 + 8*q**2 - 8. What is the remainder when j(3) is divided by 24?
22
Suppose 2*w - 102 - 20 = 5*a, -a - 2 = 0. Calculate the remainder when 109 is divided by w.
53
Let b = 110 + -46. Suppose 43 = 4*i + m - 44, -39 = -2*i - 5*m. Calculate the remainder when b is divided by i.
20
Let m(h) = 2*h + 22. Let i(c) = -2*c - 18. Let f be i(-14). What is the remainder when m(f) is divided by 15?
12
Suppose t = -4*b + 3, 5*b + 0*t + 3 = t. Suppose -5*j - 3*x - x + 821 = b, -2*x = -5*j + 827. What is the remainder when j is divided by 42?
39
Let p(z) = 2*z**3 + 24*z**2 - 116*z + 3. What is the remainder when p(5) is divided by 73?
54
Suppose -3*b + 5 + 13 = 0. Suppose 5*j - b*d = -4*d + 371, 5*j - 3*d = 369. Calculate the remainder when j is divided by 13.
10
Suppose 4*r - 2*r - 20 = 0. Let k be (-84)/(-10) - r/25. Suppose -k*y = -y - 182. What is the remainder when y is divided by 15?
11
Suppose -22*g = 3*l - 20*g - 145, -4*l - 3*g = -195. Calculate the remainder when 84 is divided by l.
39
Suppose 0 = -2*z - 5*h + 106, 3*z - 6*h - 136 = -2*h. Calculate the remainder when z is divided by (-12)/78 + 223/13.
14
Let i(o) = -4*o + 185. Calculate the remainder when 33 is divided by i(43).
7
Let r(v) = -6*v - 22. What is the remainder when r(-9) is divided by (1/(-3))/(1/(-63))?
11
Let r be (-304)/5 - (-2)/(-10). Suppose 6*u = 9*u - 270. Let o = r + u. What is the remainder when o is divided by 10?
9
Suppose 5*u = s + 3*s + 135, -113 = -3*u - 4*s. What is the remainder when 102 is divided by u?
9
Let l(p) = -p + 2. Let d be l(5). Let z = -130 - -132. What is the remainder when (z/d)/((-1)/90) is divided by 21?
18
Let y = 360 + -313. Calculate the remainder when 184 is divided by y.
43
Let k(b) = 4*b**2 + 11*b - 53. Calculate the remainder when 154 is divided by k(3).
10
Let w = 9 - 4. Suppose w*l - 45 - 55 = 0. Calculate the remainder when 58/(1/((-5)/15) + 4) is divided by l.
18
Calculate the remainder when ((-3)/(-2))/(((-135)/860)/(-9)) is divided by 15.
11
Let u(g) = -g**2 + 25*g + 259. What is the remainder when u(28) is divided by 99?
76
Suppose -5*b + 3*u = u - 818, -3*u - 498 = -3*b. Suppose 4*w - 26 - b = 0. Calculate the remainder when w is divided by 12.
11
Suppose 3*k = -5*o + 63, -3*o = -2*o + 4*k - 16. Suppose 0 = 9*s - 12*s - 228. Let b = 111 + s. Calculate the remainder when b is divided by o.
11
Suppose 4*f - 5*f + 14 = 3*a, 3 = -a. Calculate the remainder when 67 is divided by f.
21
Let p = -619 + 684. Calculate the remainder when 389 is divided by p.
64
What is the remainder when 177 is divided by (4/2 + -1)*4?
1
Suppose 6*q - 21 + 9 = 0. Calculate the remainder when 123 is divided by q.
1
Let l = -89 - -94. What is the remainder when 24 is divided by l?
4
Suppose 3*i - 40 = 3*y - 4*y, 5*y = i + 136. Calculate the remainder when 175 is divided by y.
7
Let s be (5 - 3)/(((-3)/(-12))/(-1)). What is the remainder when 99 is divided by 8/(-2) + 21 + (s - -8)?
14
Let r be (-14)/(-6) + -2 - (-938)/21. Suppose r = 5*x - 15. What is the remainder when x is divided by 4/((1 - 2) + 3)?
0
Let a = -1 + 4. Suppose -5*z + a*x + 16 = 0, 0 = -3*z + 2*x - 4*x + 2. What is the remainder when 5 is divided by (-8)/z*(-9)/12?
2
Let m = -292 - -321. Suppose 0 = -4*f - 4*t + 344, 3*f - 258 = -4*t + 2*t. What is the remainder when f is divided by m?
28
Let f = 152 - 145. Suppose -112 = 3*y - f*y. What is the remainder when 55 is divided by y?
27
Suppose -21*h = -659 - 328. What is the remainder when 92 is divided by h?
45
Let n(b) = 16 + 7*b + 0*b**3 - 15*b + 9*b + b**3. What is the remainder when 63 is divided by n(0)?
15
Suppose 11 + 31 = 2*z + 2*v, -4*z + v = -89. What is the remainder when 32 is divided by z?
10
Let p(t) = 59*t**3 + t**2 - 2*t + 1. Calculate the remainder when 173 is divided by p(1).
55
Let z(t) = -t**2 + 83. What is the remainder when z(0) is divided by (1/3*5)/(31 + 96912/(-3132))?
25
Let k be 2/(-7) - (-176)/28. Let r(m) = 2*m - 10. Let o be r(k). Suppose 2*h + h + 54 = o*u, u - 3*h = 30. Calculate the remainder when u is divided by 13.
11
Let j be 1 + (5